520?
5
What is the tens digit of 134300859?
5
What is the millions digit of 2572379604?
2
What is the hundred thousands digit of 693219454?
2
What is the ten thousands digit of 4064162251?
6
What is the thousands digit of 84595962?
5
What is the ten thousands digit of 53678617?
7
What is the hundreds digit of 162149087?
0
What is the thousands digit of 2362950047?
0
What is the units digit of 6035510140?
0
What is the ten millions digit of 375092616?
7
What is the millions digit of 527832901?
7
What is the tens digit of 1802516?
1
What is the ten thousands digit of 666501468?
0
What is the hundreds digit of 58977218?
2
What is the hundreds digit of 311921102?
1
What is the tens digit of 756105771?
7
What is the thousands digit of 459989486?
9
What is the thousands digit of 144291242?
1
What is the millions digit of 26116244?
6
What is the hundreds digit of 61673453?
4
What is the hundred millions digit of 208823673?
2
What is the billions digit of 2958726795?
2
What is the ten millions digit of 90322002?
9
What is the hundred millions digit of 786658553?
7
What is the ten thousands digit of 628173575?
7
What is the units digit of 85918009?
9
What is the ten thousands digit of 2104733410?
3
What is the ten thousands digit of 169530359?
3
What is the hundreds digit of 286675341?
3
What is the hundreds digit of 471212194?
1
What is the millions digit of 4966714011?
6
What is the units digit of 4280722485?
5
What is the ten thousands digit of 224538163?
3
What is the hundred millions digit of 1027344315?
0
What is the hundred thousands digit of 1997992566?
9
What is the hundred millions digit of 168120158?
1
What is the hundreds digit of 1577814167?
1
What is the ten millions digit of 137402297?
3
What is the thousands digit of 1273304722?
4
What is the hundreds digit of 44468779?
7
What is the ten thousands digit of 121629815?
2
What is the hundreds digit of 143864509?
5
What is the tens digit of 932417713?
1
What is the ten millions digit of 1905235835?
0
What is the hundred thousands digit of 4482953887?
9
What is the hundreds digit of 62350680?
6
What is the hundred thousands digit of 616344144?
3
What is the hundreds digit of 2781562463?
4
What is the millions digit of 95288547?
5
What is the ten thousands digit of 16677985?
7
What is the hundreds digit of 34642757?
7
What is the ten millions digit of 87017174?
8
What is the hundreds digit of 413261964?
9
What is the thousands digit of 406398147?
8
What is the thousands digit of 75964080?
4
What is the ten thousands digit of 46037444?
3
What is the billions digit of 1010962862?
1
What is the hundreds digit of 51819006?
0
What is the tens digit of 156522589?
8
What is the millions digit of 30901742?
0
What is the tens digit of 946834331?
3
What is the hundred thousands digit of 842057162?
0
What is the hundred thousands digit of 4246920094?
9
What is the units digit of 7967255?
5
What is the hundreds digit of 4054315535?
5
What is the hundred millions digit of 790104195?
7
What is the hundred thousands digit of 41773441?
7
What is the millions digit of 1018146631?
8
What is the millions digit of 62275020?
2
What is the thousands digit of 62678297?
8
What is the hundreds digit of 4457326087?
0
What is the hundred thousands digit of 90538408?
5
What is the millions digit of 172101525?
2
What is the hundreds digit of 54638474?
4
What is the hundred thousands digit of 7373687832?
6
What is the ten millions digit of 9387127554?
8
What is the units digit of 159316498?
8
What is the ten millions digit of 7158655089?
5
What is the thousands digit of 1566256382?
6
What is the hundreds digit of 38819518?
5
What is the ten thousands digit of 448350768?
5
What is the ten thousands digit of 1017329847?
2
What is the ten thousands digit of 5528600345?
0
What is the millions digit of 255101726?
5
What is the tens digit of 396334173?
7
What is the hundred thousands digit of 183421942?
4
What is the millions digit of 168172381?
8
What is the millions digit of 2118901085?
8
What is the units digit of 632095423?
3
What is the hundred millions digit of 410960547?
4
What is the thousands digit of 718007764?
7
What is the hundreds digit of 1618668?
6
What is the thousands digit of 78351640?
1
What is the thousands digit of 781122457?
2
What is the ten millions digit of 24239666?
2
What is the hundred millions digit of 707181371?
7
What is the hundred thousands digit of 214438146?
4
What is the hundreds digit of 93451373?
3
What is the hundreds digit of 114543995?
9
What is the hundreds digit of 164845565?
5
What is the hundred millions digit of 260018573?
2
What is the ten millions digit of 168228916?
6
What is the tens digit of 233904281?
8
What is the hundred millions digit of 286099206?
2
What is the thousands digit of 192316755?
6
What is the hundred millions digit of 160545689?
1
What is the ten thousands digit of 5314296794?
9
What is the thousands digit of 2241683608?
3
What is the hundred thousands digit of 131026951?
0
What is the hundred millions digit of 879065406?
8
What is the hundred millions digit of 218163063?
2
What is the millions digit of 103639801?
3
What is the thousands digit of 44638898?
8
What is the units digit of 826935848?
8
What is the hundreds digit of 105411239?
2
What is the units digit of 36546449?
9
What is the hundred millions digit of 110963016?
1
What is the hundred thousands digit of 180452353?
4
What is the hundreds digit of 66879625?
6
What is the billions digit of 2216510198?
2
What is the ten thousands digit of 892960886?
6
What is the tens digit of 213263648?
4
What is the millions digit of 7863619?
7
What is the hundred thousands digit of 1834493092?
4
What is the tens digit of 634044964?
6
What is the hundreds digit of 289584994?
9
What is the hundred millions digit of 218525224?
2
What is the ten millions digit of 68559423?
6
What is the tens digit of 1638896592?
9
What is the hundred thousands digit of 3186585231?
5
What is the hundreds digit of 505825870?
8
What is the tens digit of 74819260?
6
What is the tens digit of 748974010?
1
What is the thousands digit of 2041058060?
8
What is the millions digit of 1210391090?
0
What is the units digit of 407759566?
6
What is the hundred thousands digit of 27137363?
1
What is the millions digit of 5222680882?
2
What is the units digit of 135142950?
0
What is the thousands digit of 3637680688?
0
What is the tens digit of 181691072?
7
What is the tens digit of 21983500?
0
What is the thousands digit of 27836434?
6
What is the units digit of 141525795?
5
What is the tens digit of 437984682?
8
What is the tens digit of 174985027?
2
What is the hundred thousands digit of 250439843?
4
What is the units digit of 103083500?
0
What is the ten millions digit of 82030039?
8
What is the units digit of 246666188?
8
What is the thousands digit of 327563987?
3
What is the tens digit of 189337736?
3
What is the thousands digit of 92483300?
3
What is the units digit of 64153197?
7
What is the millions digit of 6498694978?
8
What is the billions digit of 1024951502?
1
What is the thousands digit of 80557282?
7
What is the hundreds digit of 6259864155?
1
What is the hundreds digit of 281057958?
9
What is the units digit of 104203521?
1
What is the thousands digit of 938852531?
2
What is the millions digit of 32039892?
2
What is the tens digit of 129031318?
1
What is the ten millions digit of 32083401?
3
What is the units digit of 5270528327?
7
What is the millions digit of 354560919?
4
What is the hundred thousands digit of 275285439?
2
What is the hundred thousands digit of 117175518?
1
What is the units digit of 7721513?
3
What is the ten thousands digit of 458416894?
1
What is the tens digit of 1377546832?
3
What is the units digit of 85122701?
1
What is the tens digit of 3092409812?
1
What is the hundreds digit of 64930512?
5
What is the ten millions digit of 1395922596?
9
What is the thousands digit of 2961177813?
7
What is the thousands digit of 839879711?
9
What is the ten thousands digit of 12756810?
5
What is the millions digit of 495705496?
5
What is the hundred thousands digit of 82373944?
3
What is the hundred thousands digit of 23542332?
5
What is the ten thousands digit of 127799515?
9
What is the thousands digit of 74228929?
8